{"id":3673,"date":"2016-06-20T06:35:45","date_gmt":"2016-06-20T03:35:45","guid":{"rendered":"http:\/\/sparktr.com\/tenis\/?page_id=3673"},"modified":"2017-11-29T21:19:25","modified_gmt":"2017-11-29T18:19:25","slug":"antrenorlerimiz","status":"publish","type":"page","link":"https:\/\/gebzetenis.com\/index.php\/antrenorlerimiz\/","title":{"rendered":"Antren\u00f6rlerimiz"},"content":{"rendered":"<p>&nbsp;<\/p>\n<div class=\"clear\"><\/div><div class=\"gdlr-space\" style=\"margin-top: 35px;\"><\/div>\n<div class=\"gdlr-shortcode-wrapper\"><div class=\"gdlr-item-title-wrapper gdlr-item pos-center \"><div class=\"gdlr-item-title-head\"><div class=\"clear\"><\/div><\/div><\/div><div class=\"gdlr-personnel-item-wrapper\" ><div class=\"clear\"><\/div><div class=\"four columns\"><div class=\"gdlr-item gdlr-personnel-item plain-style\"><div class=\"gdlr-ux gdlr-personnel-ux\"><div class=\"personnel-item\"><div class=\"personnel-author-image gdlr-skin-border\" ><img src=\"http:\/\/www.gebzetenis.com\/wp-content\/uploads\/2014\/09\/ali.jpg\" alt=\"\"  \/><\/div><div class=\"personnel-info\"><div class=\"personnel-author gdlr-skin-title\">Ali Toka\u00e7<\/div><div class=\"personnel-position gdlr-skin-info\">GTK Ba\u015fkan\u0131<\/div><\/div><div class=\"personnel-content gdlr-skin-content\"><p>1972 I\u011fd\u0131r do\u011fumlu, 25 senedir aktif sporun i\u00e7inde kocaeli gen\u00e7lik spor kulubu ba\u015fkan\u0131 ve gebze tenis kulubu ba\u015fkan\u0131. Tenisi gebzeye tan\u0131tan, ilkleri getiren ki\u015fi.<\/p>\n<\/div><\/div><\/div><\/div><\/div><div class=\"four columns\"><div class=\"gdlr-item gdlr-personnel-item plain-style\"><div class=\"gdlr-ux gdlr-personnel-ux\"><div class=\"personnel-item\"><div class=\"personnel-author-image gdlr-skin-border\" ><img src=\"http:\/\/www.gebzetenis.com\/wp-content\/uploads\/2014\/09\/hikmet.jpg\" alt=\"\"  \/><\/div><div class=\"personnel-info\"><div class=\"personnel-author gdlr-skin-title\">Hikmet Sara\u00e7<\/div><div class=\"personnel-position gdlr-skin-info\">Ba\u015fkan Yard\u0131mc\u0131s\u0131<\/div><\/div><div class=\"personnel-content gdlr-skin-content\"><p>1960 y\u0131l\u0131 Artvin do\u011fumlu. Orta okul ve lise e\u011fitimini G\u00fcm\u00fc\u015fhane\u2019de tamamlad\u0131. Uzun y\u0131llar sporun i\u00e7inde bulundu. 2007 y\u0131l\u0131nda Gata Askeri Hastanesi&#8217;nden emekli. 2001 y\u0131l\u0131ndan beri Gebze Tenis Kul\u00fcb\u00fcnde \u00e7al\u0131\u015f\u0131yor. Kocaeli Gen\u00e7lik Spor Kul\u00fcb\u00fc Ba\u015fkan Yard\u0131mc\u0131s\u0131. Evli ve bir \u00e7ocuk babas\u0131.<\/p>\n<\/div><\/div><\/div><\/div><\/div><div class=\"four columns\"><div class=\"gdlr-item gdlr-personnel-item plain-style\"><div class=\"gdlr-ux gdlr-personnel-ux\"><div class=\"personnel-item\"><div class=\"personnel-author-image gdlr-skin-border\" ><img src=\"http:\/\/www.gebzetenis.com\/wp-content\/uploads\/2017\/11\/GTK-SERKAN-Hoca2.png\" alt=\"\"  \/><\/div><div class=\"personnel-info\"><div class=\"personnel-author gdlr-skin-title\">Serkan Aslan<\/div><div class=\"personnel-position gdlr-skin-info\">Ba\u015f Antren\u00f6r<\/div><\/div><div class=\"personnel-content gdlr-skin-content\"><p>05.04.1989 \u0130stanbul Do\u011fumlu\u00a0Okul E\u011fitimi;\u00a0Anadolu \u00dcniversitesi spor y\u00f6netimi okuyor.\u00a0Tenis Antren\u00f6rl\u00fck deneyimi;\u00a0Gebze Tenis Kul\u00fcb\u00fc 2003-2008 Y\u0131l\u0131 Performans Tenis Oyuncusu,\u00a0Gebze Tenis Kul\u00fcb\u00fc Tenis Antren\u00f6rl\u00fc\u011f\u00fc,\u00a06-12 Ya\u015f Aras\u0131 Oyuncular\u0131n Geli\u015fimi ile \u0130lgili Fiziksel \u00c7al\u0131\u015fmalar 2006 Ankara-ATK,\u00a0Beyaz Rusya Tenis Akademisi Tenis E\u011fitimi 2007 Y\u0131l\u0131,\u00a02009-2010 Jandarma G\u00fcc\u00fc Tenis Antren\u00f6rl\u00fc\u011f\u00fc,\u00a0\u00d6zel Kortlarda Tenis Antren\u00f6rl\u00fc\u011f\u00fc,\u00a0Tenis Antren\u00f6rl\u00fck E\u011fitimi,\u00a0T\u00fcrkiye Tenis Federasyonu 19.04.2008 Ankara,\u00a01. Kademe Yard\u0131mc\u0131 Antren\u00f6rl\u00fck Belgesi<\/p>\n<\/div><\/div><\/div><\/div><\/div><div class=\"clear\"><\/div><\/div><\/div>\n","protected":false},"excerpt":{"rendered":"<p>&nbsp;<\/p>\n","protected":false},"author":1,"featured_media":0,"parent":0,"menu_order":0,"comment_status":"closed","ping_status":"closed","template":"","meta":[],"_links":{"self":[{"href":"https:\/\/gebzetenis.com\/index.php\/wp-json\/wp\/v2\/pages\/3673"}],"collection":[{"href":"https:\/\/gebzetenis.com\/index.php\/wp-json\/wp\/v2\/pages"}],"about":[{"href":"https:\/\/gebzetenis.com\/index.php\/wp-json\/wp\/v2\/types\/page"}],"author":[{"embeddable":true,"href":"https:\/\/gebzetenis.com\/index.php\/wp-json\/wp\/v2\/users\/1"}],"replies":[{"embeddable":true,"href":"https:\/\/gebzetenis.com\/index.php\/wp-json\/wp\/v2\/comments?post=3673"}],"version-history":[{"count":18,"href":"https:\/\/gebzetenis.com\/index.php\/wp-json\/wp\/v2\/pages\/3673\/revisions"}],"predecessor-version":[{"id":4079,"href":"https:\/\/gebzetenis.com\/index.php\/wp-json\/wp\/v2\/pages\/3673\/revisions\/4079"}],"wp:attachment":[{"href":"https:\/\/gebzetenis.com\/index.php\/wp-json\/wp\/v2\/media?parent=3673"}],"curies":[{"name":"wp","href":"https:\/\/api.w.org\/{rel}","templated":true}]}}